{"id":831,"date":"2025-10-28T18:35:55","date_gmt":"2025-10-28T18:35:55","guid":{"rendered":"https:\/\/thecuevadeltigre.com\/?page_id=831"},"modified":"2025-10-28T19:19:48","modified_gmt":"2025-10-28T19:19:48","slug":"sal","status":"publish","type":"page","link":"https:\/\/thecuevadeltigre.com\/?page_id=831","title":{"rendered":"Sal"},"content":{"rendered":"\t\t<div data-elementor-type=\"wp-page\" data-elementor-id=\"831\" class=\"elementor elementor-831\">\n\t\t\t\t<div class=\"elementor-element elementor-element-f954c11 e-flex e-con-boxed e-con e-parent\" data-id=\"f954c11\" data-element_type=\"container\">\n\t\t\t\t\t<div class=\"e-con-inner\">\n\t\t<div class=\"elementor-element elementor-element-222e811 e-grid e-con-full e-con e-child\" data-id=\"222e811\" data-element_type=\"container\">\n\t\t\t\t<div class=\"elementor-element elementor-element-a32e161 elementor-position-top elementor-widget elementor-widget-image-box\" data-id=\"a32e161\" data-element_type=\"widget\" data-widget_type=\"image-box.default\">\n\t\t\t\t<div class=\"elementor-widget-container\">\n\t\t\t\t\t<div class=\"elementor-image-box-wrapper\"><figure class=\"elementor-image-box-img\"><a href=\"https:\/\/thecuevadeltigre.com\/?page_id=680\" tabindex=\"-1\"><img fetchpriority=\"high\" decoding=\"async\" width=\"720\" height=\"866\" src=\"https:\/\/thecuevadeltigre.com\/wp-content\/uploads\/2025\/10\/IMG-EDIT-Sal-de-chile-morita-y-arbol.png\" class=\"attachment-large size-large wp-image-748\" alt=\"\" srcset=\"https:\/\/thecuevadeltigre.com\/wp-content\/uploads\/2025\/10\/IMG-EDIT-Sal-de-chile-morita-y-arbol.png 768w, https:\/\/thecuevadeltigre.com\/wp-content\/uploads\/2025\/10\/IMG-EDIT-Sal-de-chile-morita-y-arbol-249x300.png 249w\" sizes=\"(max-width: 720px) 100vw, 720px\" \/><\/a><\/figure><div class=\"elementor-image-box-content\"><h3 class=\"elementor-image-box-title\"><a href=\"https:\/\/thecuevadeltigre.com\/?page_id=680\">Sal de chile morita y \u00e1rbol<\/a><\/h3><p class=\"elementor-image-box-description\">100 y 200 mg<\/p><\/div><\/div>\t\t\t\t<\/div>\n\t\t\t\t<\/div>\n\t\t\t\t<div class=\"elementor-element elementor-element-1b92066 elementor-position-top elementor-widget elementor-widget-image-box\" data-id=\"1b92066\" data-element_type=\"widget\" data-widget_type=\"image-box.default\">\n\t\t\t\t<div class=\"elementor-widget-container\">\n\t\t\t\t\t<div class=\"elementor-image-box-wrapper\"><figure class=\"elementor-image-box-img\"><a href=\"https:\/\/thecuevadeltigre.com\/?page_id=652\" tabindex=\"-1\"><img decoding=\"async\" width=\"720\" height=\"866\" src=\"https:\/\/thecuevadeltigre.com\/wp-content\/uploads\/2025\/10\/IMG-EDIT-Sal-con-chile-chilpetin-Tiburon-Tigre.png\" class=\"attachment-large size-large wp-image-772\" alt=\"\" srcset=\"https:\/\/thecuevadeltigre.com\/wp-content\/uploads\/2025\/10\/IMG-EDIT-Sal-con-chile-chilpetin-Tiburon-Tigre.png 768w, https:\/\/thecuevadeltigre.com\/wp-content\/uploads\/2025\/10\/IMG-EDIT-Sal-con-chile-chilpetin-Tiburon-Tigre-249x300.png 249w\" sizes=\"(max-width: 720px) 100vw, 720px\" \/><\/a><\/figure><div class=\"elementor-image-box-content\"><h3 class=\"elementor-image-box-title\"><a href=\"https:\/\/thecuevadeltigre.com\/?page_id=652\">Sal de chile chiltep\u00edn \"Tibur\u00f3n tigre\"<\/a><\/h3><p class=\"elementor-image-box-description\">100 y 200 mg<\/p><\/div><\/div>\t\t\t\t<\/div>\n\t\t\t\t<\/div>\n\t\t\t\t<div class=\"elementor-element elementor-element-b97f5bd elementor-position-top elementor-widget elementor-widget-image-box\" data-id=\"b97f5bd\" data-element_type=\"widget\" data-widget_type=\"image-box.default\">\n\t\t\t\t<div class=\"elementor-widget-container\">\n\t\t\t\t\t<div class=\"elementor-image-box-wrapper\"><figure class=\"elementor-image-box-img\"><a href=\"https:\/\/thecuevadeltigre.com\/?page_id=620\" tabindex=\"-1\"><img decoding=\"async\" width=\"720\" height=\"480\" src=\"https:\/\/thecuevadeltigre.com\/wp-content\/uploads\/2025\/03\/DSC_1038-1024x683.jpg\" class=\"attachment-large size-large wp-image-408\" alt=\"\" srcset=\"https:\/\/thecuevadeltigre.com\/wp-content\/uploads\/2025\/03\/DSC_1038-1024x683.jpg 1024w, https:\/\/thecuevadeltigre.com\/wp-content\/uploads\/2025\/03\/DSC_1038-300x200.jpg 300w, https:\/\/thecuevadeltigre.com\/wp-content\/uploads\/2025\/03\/DSC_1038-768x512.jpg 768w, https:\/\/thecuevadeltigre.com\/wp-content\/uploads\/2025\/03\/DSC_1038-1536x1025.jpg 1536w, https:\/\/thecuevadeltigre.com\/wp-content\/uploads\/2025\/03\/DSC_1038-2048x1367.jpg 2048w\" sizes=\"(max-width: 720px) 100vw, 720px\" \/><\/a><\/figure><div class=\"elementor-image-box-content\"><h3 class=\"elementor-image-box-title\"><a href=\"https:\/\/thecuevadeltigre.com\/?page_id=620\">Sal de mar natural<\/a><\/h3><p class=\"elementor-image-box-description\">100 y 200 mg<\/p><\/div><\/div>\t\t\t\t<\/div>\n\t\t\t\t<\/div>\n\t\t\t\t<div class=\"elementor-element elementor-element-364be85 elementor-position-top elementor-widget elementor-widget-image-box\" data-id=\"364be85\" data-element_type=\"widget\" data-widget_type=\"image-box.default\">\n\t\t\t\t<div class=\"elementor-widget-container\">\n\t\t\t\t\t<div class=\"elementor-image-box-wrapper\"><figure class=\"elementor-image-box-img\"><a href=\"https:\/\/thecuevadeltigre.com\/?page_id=595\" tabindex=\"-1\"><img decoding=\"async\" width=\"720\" height=\"480\" src=\"https:\/\/thecuevadeltigre.com\/wp-content\/uploads\/2025\/03\/DSC_1038-1024x683.jpg\" class=\"attachment-large size-large wp-image-408\" alt=\"\" srcset=\"https:\/\/thecuevadeltigre.com\/wp-content\/uploads\/2025\/03\/DSC_1038-1024x683.jpg 1024w, https:\/\/thecuevadeltigre.com\/wp-content\/uploads\/2025\/03\/DSC_1038-300x200.jpg 300w, https:\/\/thecuevadeltigre.com\/wp-content\/uploads\/2025\/03\/DSC_1038-768x512.jpg 768w, https:\/\/thecuevadeltigre.com\/wp-content\/uploads\/2025\/03\/DSC_1038-1536x1025.jpg 1536w, https:\/\/thecuevadeltigre.com\/wp-content\/uploads\/2025\/03\/DSC_1038-2048x1367.jpg 2048w\" sizes=\"(max-width: 720px) 100vw, 720px\" \/><\/a><\/figure><div class=\"elementor-image-box-content\"><h3 class=\"elementor-image-box-title\"><a href=\"https:\/\/thecuevadeltigre.com\/?page_id=595\">Sal de vino tinto<\/a><\/h3><p class=\"elementor-image-box-description\">100 y 200 mg<\/p><\/div><\/div>\t\t\t\t<\/div>\n\t\t\t\t<\/div>\n\t\t\t\t<\/div>\n\t\t\t\t\t<\/div>\n\t\t\t\t<\/div>\n\t\t\t\t<\/div>\n\t\t","protected":false},"excerpt":{"rendered":"<p>Sal de chile morita y \u00e1rbol 100 y 200 mg Sal de chile chiltep\u00edn &#8220;Tibur\u00f3n tigre&#8221; 100 y 200 mg Sal de mar natural 100 y 200 mg Sal de vino tinto 100 y 200 mg<\/p>\n","protected":false},"author":1,"featured_media":0,"parent":0,"menu_order":0,"comment_status":"closed","ping_status":"closed","template":"","meta":{"_acf_changed":false,"footnotes":""},"class_list":["post-831","page","type-page","status-publish","hentry"],"acf":[],"_links":{"self":[{"href":"https:\/\/thecuevadeltigre.com\/index.php?rest_route=\/wp\/v2\/pages\/831","targetHints":{"allow":["GET"]}}],"collection":[{"href":"https:\/\/thecuevadeltigre.com\/index.php?rest_route=\/wp\/v2\/pages"}],"about":[{"href":"https:\/\/thecuevadeltigre.com\/index.php?rest_route=\/wp\/v2\/types\/page"}],"author":[{"embeddable":true,"href":"https:\/\/thecuevadeltigre.com\/index.php?rest_route=\/wp\/v2\/users\/1"}],"replies":[{"embeddable":true,"href":"https:\/\/thecuevadeltigre.com\/index.php?rest_route=%2Fwp%2Fv2%2Fcomments&post=831"}],"version-history":[{"count":13,"href":"https:\/\/thecuevadeltigre.com\/index.php?rest_route=\/wp\/v2\/pages\/831\/revisions"}],"predecessor-version":[{"id":873,"href":"https:\/\/thecuevadeltigre.com\/index.php?rest_route=\/wp\/v2\/pages\/831\/revisions\/873"}],"wp:attachment":[{"href":"https:\/\/thecuevadeltigre.com\/index.php?rest_route=%2Fwp%2Fv2%2Fmedia&parent=831"}],"curies":[{"name":"wp","href":"https:\/\/api.w.org\/{rel}","templated":true}]}}